{"id":316,"date":"2026-01-18T13:23:07","date_gmt":"2026-01-18T13:23:07","guid":{"rendered":"https:\/\/bishoo-taxi.com\/wordpress\/?page_id=316"},"modified":"2026-03-04T23:25:53","modified_gmt":"2026-03-04T23:25:53","slug":"ausfluege","status":"publish","type":"page","link":"https:\/\/bishoo-taxi.com\/wordpress\/ausfluege\/","title":{"rendered":"AUSFL\u00dcGE"},"content":{"rendered":"<div style=\"text-align: center;\"><span style=\"font-size: 20px;\"><strong>Information: AUSFL\u00dcGE<\/strong><\/span><\/div>\n<div><\/div>\n<div>\n<p>Hier alle aktuellen Ausflugsangebote von <strong>BISHOO-TAXI<\/strong>.<\/p>\n<p>Die Buchung ist ganz einfach, kontaktiert ihn \u00fcber seine WhatsApp Nummer und teilt ihm mit wohin ihr wollt und von welchem Hotel aus.<\/p>\n<p>In der Liste sind bewusst keine Preise, da sie abh\u00e4ngig davon sind, von welchem Hotel ihr euer Ausflug starten wollt.<\/p>\n<p>Generell geht es so, du suchst dir ein Ziel aus, teilst dein Hotel mit und Bishoo nennt dir den Preis.<\/p>\n<p>Erreichen kannst du ihn \u00fcber WhatsApp per Chat oder per WhatsApp-Telefonie:<\/p>\n<p><span style=\"font-size: 18pt;\">+20 1000 250 950<\/span><\/p>\n<\/div>\n<div>\n  <a href=\"https:\/\/wa.me\/201000250950?text=Hallo%20Bishoo%2C%20ich%20m%C3%B6chte%20einen%20Ausflug%20buchen.\" target=\"_blank\" rel=\"noopener\"\n     style=\"\n       display:inline-flex;\n       align-items:center;\n       gap:8px;\n       background:#25D366;\n       color:#fff;\n       padding:12px 18px;\n       border-radius:30px;\n       font-weight:700;\n       font-size:16px;\n       text-decoration:none;\n       box-shadow:0 4px 10px rgba(0,0,0,0.15);\n       transition:0.2s;\n     \"\n     onmouseover=\"this.style.opacity='0.85'\"\n     onmouseout=\"this.style.opacity='1'\">\n\n    <svg xmlns=\"http:\/\/www.w3.org\/2000\/svg\" width=\"20\" height=\"20\" fill=\"white\" viewBox=\"0 0 24 24\">\n      <path d=\"M12.04 2C6.58 2 2.1 6.48 2.1 11.94c0 1.9.5 3.73 1.46 5.34L2 22l4.87-1.53a9.87 9.87 0 0 0 5.17 1.44h.01c5.46 0 9.94-4.48 9.94-9.94C21.99 6.48 17.5 2 12.04 2zm5.76 14.38c-.24.67-1.39 1.27-1.92 1.34-.5.07-1.13.1-1.83-.12-.42-.13-.95-.31-1.63-.6-2.87-1.24-4.74-4.13-4.88-4.32-.14-.19-1.16-1.54-1.16-2.94 0-1.4.73-2.09.99-2.38.26-.29.56-.36.75-.36.19 0 .38.01.55.02.18.01.42-.07.66.51.24.58.83 2 .9 2.14.07.14.12.31.02.5-.1.19-.15.31-.29.48-.14.17-.29.38-.41.51-.14.14-.28.29-.12.56.17.27.75 1.23 1.61 2 .86.76 1.59 1 1.86 1.11.27.1.43.08.59-.05.16-.12.67-.78.85-1.05.18-.27.36-.23.61-.14.26.09 1.63.77 1.91.91.28.14.47.21.54.33.07.12.07.71-.17 1.38z\"\/>\n    <\/svg>\n\n    Hallo Bishoo, ich m\u00f6chte einen Ausflug buchen.\n  <\/a><\/div>\n<div><\/div>\n<p><strong>Tour mit dem Auto<\/strong><\/p>\n<ul>\n<li>Stadt El Quesir<\/li>\n<li>Stadt Port Ghalib<\/li>\n<li>Stadt Marsa Alam<\/li>\n<li>Stadt Luxor und Ballon<\/li>\n<li>Stadt Assuan<\/li>\n<li>Stadt Kairo<\/li>\n<li>Stadt Shalaten<\/li>\n<li>Strand Abu Dabbab<\/li>\n<li>Strand Sharm El Luli<\/li>\n<\/ul>\n<p><strong>Tour mit dem Boot Schnorcheln- und Tauchen<\/strong><\/p>\n<ul>\n<li>Marsa Mubarak &#8211; Bucht<\/li>\n<li>Samadai \u2013 Insel<\/li>\n<li>Hamata \u2013 Insel<\/li>\n<li>Sataya &#8211; Insel<\/li>\n<\/ul>\n<p><strong>Jeep-Safari<\/strong><\/p>\n<ul>\n<li>Nationalpark Wadi Gemal<\/li>\n<li>Quad-Safari<\/li>\n<\/ul>\n<p>Ihr k\u00f6nnt nat\u00fcrlich auch Ausfl\u00fcge \u00fcber unser Buchungs-Tool von <a href=\"https:\/\/kdkmedia.de\">KDK MEDIA<\/a> buchen.<\/p>\n<p>Dieses Tool wird in der <a href=\"https:\/\/marsa-alam-hotels.de\" target=\"_blank\" rel=\"noopener\">Marsa Alam Hotels &#8211; WebApp<\/a> ausgef\u00fchrt, da dort alle Hotel- und Ausflugsdaten hinterlegt sind.<\/p>\n<p>Das bedeutet, ihr k\u00f6nnt aktiv Ausfl\u00fcge buchen, die Buchungsanfrage wird \u00fcber WhatsApp zu <strong>BISHOO-TAXI <\/strong>weitergeleitet und best\u00e4tigt.<\/p>\n<p>Die ermittelten und angezeigten Preise sind final und verbindlich.<\/p>\n<p>Hier der Link zur Buchungs-APP: <a href=\"https:\/\/marsa-alam-hotels.de\/ausfluege\/\" target=\"_blank\" rel=\"noopener\"><strong>AUSFLUG BUCHEN<\/strong><\/a><\/p>\n<p>Zur Zeit gibt es folgende Ausfl\u00fcge:<\/p>\n<p><img loading=\"lazy\" decoding=\"async\" class=\"alignnone size-medium wp-image-317\" src=\"https:\/\/bishoo-taxi.com\/wordpress\/wp-content\/uploads\/2026\/01\/Bildschirmfoto-2026-01-18-um-14.14.26-215x300.png\" alt=\"\" width=\"215\" height=\"300\" srcset=\"https:\/\/bishoo-taxi.com\/wordpress\/wp-content\/uploads\/2026\/01\/Bildschirmfoto-2026-01-18-um-14.14.26-215x300.png 215w, https:\/\/bishoo-taxi.com\/wordpress\/wp-content\/uploads\/2026\/01\/Bildschirmfoto-2026-01-18-um-14.14.26-734x1024.png 734w, https:\/\/bishoo-taxi.com\/wordpress\/wp-content\/uploads\/2026\/01\/Bildschirmfoto-2026-01-18-um-14.14.26-768x1071.png 768w, https:\/\/bishoo-taxi.com\/wordpress\/wp-content\/uploads\/2026\/01\/Bildschirmfoto-2026-01-18-um-14.14.26.png 908w\" sizes=\"auto, (max-width: 215px) 100vw, 215px\" \/><\/p>\n<p>Dies ist ein Auszug aus unserer WEB-APP, die Preise sind z.B. f\u00fcr eine Limousine f\u00fcr \u00a01-3 Personen f\u00fcr eine Strecke.<\/p>\n<p>Ab 4 Personen ben\u00f6tigt ihr ein Minibus, die Preise sind immer f\u00fcr das Fahrzeug und nicht pro Person.<\/p>\n<p>Die Buchunganfrage geht direkt zu <strong>BISHOO-TAXI<\/strong> \u00a0und ist keine Demoanfage.<\/p>\n","protected":false},"excerpt":{"rendered":"<p>Information: AUSFL\u00dcGE Hier alle aktuellen Ausflugsangebote von BISHOO-TAXI. Die Buchung ist ganz einfach, kontaktiert ihn \u00fcber seine WhatsApp Nummer und [&hellip;]<\/p>\n","protected":false},"author":1,"featured_media":0,"parent":0,"menu_order":0,"comment_status":"closed","ping_status":"closed","template":"","meta":{"site-sidebar-layout":"default","site-content-layout":"","ast-site-content-layout":"default","site-content-style":"default","site-sidebar-style":"default","ast-global-header-display":"","ast-banner-title-visibility":"","ast-main-header-display":"","ast-hfb-above-header-display":"","ast-hfb-below-header-display":"","ast-hfb-mobile-header-display":"","site-post-title":"","ast-breadcrumbs-content":"","ast-featured-img":"","footer-sml-layout":"","ast-disable-related-posts":"","theme-transparent-header-meta":"default","adv-header-id-meta":"","stick-header-meta":"","header-above-stick-meta":"","header-main-stick-meta":"","header-below-stick-meta":"","astra-migrate-meta-layouts":"set","ast-page-background-enabled":"default","ast-page-background-meta":{"desktop":{"background-color":"var(--ast-global-color-5)","background-image":"","background-repeat":"repeat","background-position":"center center","background-size":"auto","background-attachment":"scroll","background-type":"","background-media":"","overlay-type":"","overlay-color":"","overlay-opacity":"","overlay-gradient":""},"tablet":{"background-color":"","background-image":"","background-repeat":"repeat","background-position":"center center","background-size":"auto","background-attachment":"scroll","background-type":"","background-media":"","overlay-type":"","overlay-color":"","overlay-opacity":"","overlay-gradient":""},"mobile":{"background-color":"","background-image":"","background-repeat":"repeat","background-position":"center center","background-size":"auto","background-attachment":"scroll","background-type":"","background-media":"","overlay-type":"","overlay-color":"","overlay-opacity":"","overlay-gradient":""}},"ast-content-background-meta":{"desktop":{"background-color":"var(--ast-global-color-4)","background-image":"","background-repeat":"repeat","background-position":"center center","background-size":"auto","background-attachment":"scroll","background-type":"","background-media":"","overlay-type":"","overlay-color":"","overlay-opacity":"","overlay-gradient":""},"tablet":{"background-color":"var(--ast-global-color-4)","background-image":"","background-repeat":"repeat","background-position":"center center","background-size":"auto","background-attachment":"scroll","background-type":"","background-media":"","overlay-type":"","overlay-color":"","overlay-opacity":"","overlay-gradient":""},"mobile":{"background-color":"var(--ast-global-color-4)","background-image":"","background-repeat":"repeat","background-position":"center center","background-size":"auto","background-attachment":"scroll","background-type":"","background-media":"","overlay-type":"","overlay-color":"","overlay-opacity":"","overlay-gradient":""}},"footnotes":""},"class_list":["post-316","page","type-page","status-publish","hentry"],"_links":{"self":[{"href":"https:\/\/bishoo-taxi.com\/wordpress\/wp-json\/wp\/v2\/pages\/316","targetHints":{"allow":["GET"]}}],"collection":[{"href":"https:\/\/bishoo-taxi.com\/wordpress\/wp-json\/wp\/v2\/pages"}],"about":[{"href":"https:\/\/bishoo-taxi.com\/wordpress\/wp-json\/wp\/v2\/types\/page"}],"author":[{"embeddable":true,"href":"https:\/\/bishoo-taxi.com\/wordpress\/wp-json\/wp\/v2\/users\/1"}],"replies":[{"embeddable":true,"href":"https:\/\/bishoo-taxi.com\/wordpress\/wp-json\/wp\/v2\/comments?post=316"}],"version-history":[{"count":4,"href":"https:\/\/bishoo-taxi.com\/wordpress\/wp-json\/wp\/v2\/pages\/316\/revisions"}],"predecessor-version":[{"id":371,"href":"https:\/\/bishoo-taxi.com\/wordpress\/wp-json\/wp\/v2\/pages\/316\/revisions\/371"}],"wp:attachment":[{"href":"https:\/\/bishoo-taxi.com\/wordpress\/wp-json\/wp\/v2\/media?parent=316"}],"curies":[{"name":"wp","href":"https:\/\/api.w.org\/{rel}","templated":true}]}}